le of 12?
False
Is 18 a factor of 230?
False
Is 20717 a multiple of 6?
False
Does 39 divide 156?
True
Is 66 a factor of 1650?
True
Is 8 a factor of 881?
False
Is 116 a factor of 3801?
False
Does 212 divide 79457?
False
Is 23 a factor of 759?
True
Is 15 a factor of 20?
False
Is 7 a factor of 154?
True
Is 18 a factor of 28102?
False
Is 134 a factor of 2814?
True
Does 12 divide 396?
True
Does 4 divide 324?
True
Is 9 a factor of 15048?
True
Is 16 a factor of 16448?
True
Does 61 divide 579?
False
Is 28 a factor of 1599?
False
Is 199 a multiple of 31?
False
Does 56 divide 2072?
True
Is 1291 a multiple of 16?
False
Is 53 a factor of 2279?
True
Is 58 a factor of 6438?
True
Does 7 divide 14699?
False
Does 78 divide 87585?
False
Is 12 a factor of 8004?
True
Is 8 a factor of 120?
True
Does 49 divide 32634?
True
Is 13570 a multiple of 118?
True
Does 38 divide 76?
True
Is 78 a factor of 27809?
False
Is 1802 a multiple of 34?
True
Is 1950 a multiple of 130?
True
Is 4 a factor of 552?
True
Is 19368 a multiple of 18?
True
Is 15 a factor of 13945?
False
Is 96 a multiple of 9?
False
Is 19 a factor of 61174?
False
Is 7 a factor of 15519?
True
Is 10101 a multiple of 38?
False
Is 82 a factor of 3034?
True
Is 290 a multiple of 14?
False
Is 5 a factor of 1161?
False
Is 8 a factor of 3049?
False
Does 85 divide 166515?
True
Is 6 a factor of 1253?
False
Is 10025 a multiple of 25?
True
Is 63 a factor of 1087?
False
Is 102 a factor of 6232?
False
Does 2 divide 14716?
True
Is 5663 a multiple of 9?
False
Is 364 a multiple of 14?
True
Is 256 a factor of 3072?
True
Is 7138 a multiple of 86?
True
Is 37 a factor of 2538?
False
Is 1824 a multiple of 48?
True
Is 4620 a multiple of 77?
True
Is 3444 a multiple of 28?
True
Is 14 a factor of 4005?
False
Is 15 a factor of 534?
False
Does 54 divide 1056?
False
Is 297 a multiple of 27?
True
Is 17460 a multiple of 30?
True
Does 79 divide 7426?
True
Is 2 a factor of 2917?
False
Is 127 a factor of 2540?
True
Does 14 divide 30189?
False
Is 102 a multiple of 17?
True
Does 11 divide 13959?
True
Does 12 divide 3183?
False
Is 28 a factor of 1062?
False
Does 17 divide 782?
True
Is 11 a factor of 4723?
False
Is 14 a factor of 4592?
True
Does 13 divide 27729?
True
Does 3 divide 5346?
True
Is 11524 a multiple of 105?
False
Does 3 divide 186?
True
Does 15 divide 1185?
True
Is 10 a factor of 409?
False
Is 1340 a multiple of 33?
False
Is 1208 a multiple of 2?
True
Is 11724 a multiple of 115?
False
Is 121030 a multiple of 433?
False
Is 195 a multiple of 13?
True
Is 21 a factor of 3468?
False
Is 928 a multiple of 16?
True
Is 7294 a multiple of 6?
False
Does 23 divide 105829?
False
Is 2173 a multiple of 8?
False
Does 39 divide 585?
True
Is 2383 a multiple of 4?
False
Is 66 a factor of 1262?
False
Is 32 a factor of 612?
False
Does 3 divide 15541?
False
Is 10 a factor of 350?
True
Is 8 a factor of 296?
True
Is 4 a factor of 1280?
True
Is 7738 a multiple of 14?
False
Is 84 a factor of 3360?
True
Does 28 divide 1504?
False
Does 24 divide 20123?
False
Does 31 divide 1023?
True
Is 6 a factor of 2626?
False
Is 8899 a multiple of 51?
False
Does 101 divide 1303?
False
Is 22 a factor of 2207?
False
Does 7 divide 20481?
False
Does 32 divide 132?
False
Is 689 a multiple of 5?
False
Does 10 divide 310?
True
Is 3462 a multiple of 23?
False
Is 540 a multiple of 36?
True
Is 540 a multiple of 71?
False
Is 1740 a multiple of 87?
True
Is 57392 a multiple of 68?
True
Is 9 a factor of 612?
True
Is 5206 a multiple of 5?
False
Is 940 a multiple of 16?
False
Is 86 a multiple of 19?
False
Does 5 divide 3091?
False
Does 13 divide 4342?
True
Is 2146 a multiple of 57?
False
Is 324 a multiple of 3?
True
Is 49 a factor of 8275?
False
Is 9443 a multiple of 133?
True
Does 18 divide 986?
False
Is 132 a multiple of 22?
True
Is 1875 a multiple of 15?
True
Is 52441 a multiple of 39?
False
Is 18 a factor of 4818?
False
Is 4 a factor of 216?
True
Does 47 divide 5310?
False
Is 11 a factor of 3291?
False
Is 12 a factor of 1782?
False
Is 14111 a multiple of 7?
False
Is 17544 a multiple of 152?
False
Is 7 a factor of 1512?
True
Does 44 divide 9284?
True
Does 5 divide 420?
True
Is 4845 a multiple of 85?
True
Does 16 divide 708?
False
Is 1794 a multiple of 6?
True
Does 8 divide 984?
True
Is 14 a factor of 4207?
False
Is 13 a factor of 395?
False
Does 27 divide 35?
False
Is 1121 a multiple of 108?
False
Is 2095 a multiple of 59?
False
Does 4 divide 12604?
True
Is 77 a factor of 2871?
False
Does 12 divide 3806?
False
Is 8 a factor of 14093?
False
Does 43 divide 690?
False
Is 30 a factor of 1050?
True
Does 3 divide 4047?
True
Is 48824 a multiple of 34?
True
Is 22 a factor of 49984?
True
Does 5 divide 300?
True
Does 6 divide 102?
True
Is 216 a multiple of 4?
True
Is 12142 a multiple of 7?
False
Is 3216 a multiple of 12?
True
Is 135 a factor of 16065?
True
Is 5640 a multiple of 10?
True
Is 8 a factor of 2928?
True
Does 2 divide 142?
True
Is 3165 a multiple of 4?
False
Does 103 divide 34196?
True
Is 11 a factor of 712?
False
Is 8316 a multiple of 11?
True
Is 111 a factor of 58587?
False
Is 46072 a multiple of 74?
False
Is 79964 a multiple of 24?
False
Is 6318 a multiple of 9?
True
Does 11 divide 495?
True
Does 82 divide 9348?
True
Is 2067 a multiple of 13?
True
Is 32 a factor of 767?
False
Does 263 divide 43921?
True
Is 8 a factor of 75?
False
Is 19 a factor of 12179?
True
Is 64 a factor of 5064?
False
Is 83370 a multiple of 15?
True
Is 16 a factor of 992?
True
Is 15 a factor of 2145?
True
Is 16705 a multiple of 13?
True
Is 8333 a multiple of 149?
False
Does 10 divide 5147?
False
Does 15 divide 127005?
True
Is 4221 a multiple of 106?
False
Is 7654 a multiple of 89?
True
Is 14655 a multiple of 68?
False
Does 86 divide 3698?
True
Is 3 a factor of 403?
False
Is 5555 a multiple of 3?
False
Is 857 a multiple of 5?
False
Does 36 divide 64872?
True
Is 50 a factor of 250?
True
Is 48 a multiple of 24?
True
Is 158 a multiple of 3?
False
Does 53 divide 11872?
True
Is 1052 a multiple of 83?
False
Does 3 divide 1214?
False
Does 72 divide 1594?
False
Does 226 divide 64184?
True
Is 808 a multiple of 7?
False
Does 9 divide 3564?
True
Does 9 divide 5614?
False
Does 64 divide 2200?
False
Is 53 a factor of 3773?
False
Is 1541 a multiple of 23?
True
Is 48598 a multiple of 36?
False
Is 6635 a multiple of 11?
False
Does 5 divide 187?
False
Is 912 a multiple of 152?
True
Is 164 a factor of 55430?
False
Is 1116 a multiple of 62?
True
Does 57 divide 32345?
False
Is 26 a factor of 448?
False
Does 8 divide 1928?
True
Does 39 divide 129155?
False
Is 38 a factor of 4370?
True
Does 24 divide 339?
False
Is 8414 a multiple of 7?
True
Is 30 a factor of 12900?
True
Does 78 divide 13704?
False
Does 55 divide 43521?
False
Is 32767 a multiple of 151?
True
Is 32 a factor of 2016?
True
Is 320 a multiple of 6?
False
Is 557 a multiple of 5?
False
Does 16 divide 944?
True
Is 206 a multiple of 24?
False
Does 134 divide 11390?
True
Does 59 divide 1264?
False
Is 7711 a multiple of 45?
False
Does 106 divide 18944?
False
Does 87 divide 631?
False
Is 271 a multiple of 4?
False
Is 91 a factor of 3451?
False
Is 11 even?
False
Is 84525 a multiple of 23?
True
Is 5 a factor of 415?
True
Does 27 divide 13451?
False
Does 24 divide 3912?
True
Is 6089 a multiple of 41?
False
Is 72 a multiple of 6?
True
Does 228 divide 2508?
True
Is 8 a factor of 167?
False
Does 21 divide 441?
True
Is 70 a multiple of 14?
True
Is 176 a factor of 2288?
True
Is 11 a factor of 616?
True
Is 462 a multiple of 20?
False
Is 80 a factor of 960?
True
Does 36 divide 9090?
False
Does 39 divide 5109?
True
Does 13 divide 24323?
True
Is 14265 a multiple of 9?
True
Does 10 divide 540?
True
Is 9 a factor of 10305?
True
Is 47 a factor of 9400?
True
Is 7695 a multiple of 15?
True
Is 11 a factor of 31446?
False
Is 118 a factor of 19234?
True
Does 57 divide 2850?
True
Is 12 a factor of 43296?
True
Is 2383 a multiple of 31?
False
Is 39 a factor of 2318?
False
Is 1425 a multiple of 25?
True
Is 331 a factor of 57823?
False
Is 7911 a multiple of 3?
True
Is 5 a factor of 997?
False
Is 7 a factor of 1227?
False
Is 22 a factor of 814?
True
Is 34 a factor of 605?
False
Is 7 a factor of 315?
True
Is 10 a factor of 1580?
True
Is 69 a factor of 9798?
True
Is 8 a factor of 510?
False
Is 39346 a multipl